  {"id":2910,"date":"2023-03-06T17:40:30","date_gmt":"2023-03-06T22:40:30","guid":{"rendered":"https:\/\/www.ramapo.edu\/holocaust\/?page_id=2910"},"modified":"2025-02-12T17:23:23","modified_gmt":"2025-02-12T22:23:23","slug":"welcoming-our-czech-torah","status":"publish","type":"page","link":"https:\/\/www.ramapo.edu\/holocaust\/welcoming-our-czech-torah\/","title":{"rendered":"Our Czech Memorial Scroll"},"content":{"rendered":"<h3 style=\"text-align: center\"><span style=\"color: #800000\">From Kol\u00edn to Mahwah<\/span><\/h3>\n<p>&nbsp;<\/p>\n<div id=\"attachment_3033\" style=\"width: 310px\" class=\"wp-caption alignleft\"><a href=\"https:\/\/www.ramapo.edu\/holocaust\/wp-content\/uploads\/sites\/31\/2023\/06\/CMS-Procession-Outside-3-g.jpg\"><img loading=\"lazy\" decoding=\"async\" aria-describedby=\"caption-attachment-3033\" class=\"wp-image-3033 size-medium\" src=\"https:\/\/www.ramapo.edu\/holocaust\/wp-content\/uploads\/sites\/31\/2023\/06\/CMS-Procession-Outside-3-g-300x200.jpg\" alt=\"Our procession with the Torah in front, under a Jewish wedding canopy. \" width=\"300\" height=\"200\" srcset=\"https:\/\/www.ramapo.edu\/holocaust\/wp-content\/uploads\/sites\/31\/2023\/06\/CMS-Procession-Outside-3-g-300x200.jpg 300w, https:\/\/www.ramapo.edu\/holocaust\/wp-content\/uploads\/sites\/31\/2023\/06\/CMS-Procession-Outside-3-g-1024x683.jpg 1024w, https:\/\/www.ramapo.edu\/holocaust\/wp-content\/uploads\/sites\/31\/2023\/06\/CMS-Procession-Outside-3-g-768x512.jpg 768w, https:\/\/www.ramapo.edu\/holocaust\/wp-content\/uploads\/sites\/31\/2023\/06\/CMS-Procession-Outside-3-g-1536x1024.jpg 1536w, https:\/\/www.ramapo.edu\/holocaust\/wp-content\/uploads\/sites\/31\/2023\/06\/CMS-Procession-Outside-3-g.jpg 1800w\" sizes=\"auto, (max-width: 300px) 100vw, 300px\" \/><\/a><p id=\"caption-attachment-3033\" class=\"wp-caption-text\">Processing to the Center with the Torah under a Jewish wedding canopy.<\/p><\/div>\n<p>The Center welcomed a Czech Memorial Scroll to Ramapo Campus at a moving ceremony on May 1, 2023. It is on permanent loan from the Memorial Scrolls Trust.<\/p>\n<p>Before WWII, the Torah belonged to the Jewish community of Kol\u00edn, a city forty miles east of Prague. Experts estimate that it was written in the mid-eighteenth century.<\/p>\n<p>The Center thanks Cipora Schwartz and Dr. Susan Gaulden for their generosity, which made it possible to obtain our scroll.<\/p>\n<p style=\"text-align: center\"><a href=\"https:\/\/www.ramapo.edu\/holocaust\/scroll_dedication_ceremony\/\"><b><i>Click for our dedication ceremony<\/i><\/b><\/a><\/p>\n<p style=\"text-align: center\"><a href=\"https:\/\/jewishstandard.timesofisrael.com\/commemorating-the-past-and-writing-the-next-chapter\/\"><em><strong>Click to read about our scroll and event in the Jewish Standard<\/strong><\/em><\/a><\/p>\n<hr \/>\n<div id=\"attachment_4183\" style=\"width: 310px\" class=\"wp-caption alignright\"><a href=\"https:\/\/www.ramapo.edu\/holocaust\/wp-content\/uploads\/sites\/31\/2023\/06\/CMS-Labendz-with-Torah.jpg\"><img loading=\"lazy\" decoding=\"async\" aria-describedby=\"caption-attachment-4183\" class=\"wp-image-4183 size-medium\" src=\"https:\/\/www.ramapo.edu\/holocaust\/wp-content\/uploads\/sites\/31\/2025\/02\/RC_JA-7090-Cropped-300x300.jpeg\" alt=\"Picture of an opened Torah scroll in a wooden cabinet. There are three small informational plaques beneath it.\" width=\"300\" height=\"300\" srcset=\"https:\/\/www.ramapo.edu\/holocaust\/wp-content\/uploads\/sites\/31\/2025\/02\/RC_JA-7090-Cropped-300x300.jpeg 300w, https:\/\/www.ramapo.edu\/holocaust\/wp-content\/uploads\/sites\/31\/2025\/02\/RC_JA-7090-Cropped-1024x1024.jpeg 1024w, https:\/\/www.ramapo.edu\/holocaust\/wp-content\/uploads\/sites\/31\/2025\/02\/RC_JA-7090-Cropped-150x150.jpeg 150w, https:\/\/www.ramapo.edu\/holocaust\/wp-content\/uploads\/sites\/31\/2025\/02\/RC_JA-7090-Cropped-768x768.jpeg 768w, https:\/\/www.ramapo.edu\/holocaust\/wp-content\/uploads\/sites\/31\/2025\/02\/RC_JA-7090-Cropped-1536x1536.jpeg 1536w, https:\/\/www.ramapo.edu\/holocaust\/wp-content\/uploads\/sites\/31\/2025\/02\/RC_JA-7090-Cropped.jpeg 1666w\" sizes=\"auto, (max-width: 300px) 100vw, 300px\" \/><\/a><p id=\"caption-attachment-4183\" class=\"wp-caption-text\">Czech Memorial Scroll from Kol\u00edn, ca. 1750<\/p><\/div>\n<p>&nbsp;<\/p>\n<p>&nbsp;<\/p>\n<p>Please <a href=\"https:\/\/www.ramapo.edu\/holocaust\/contact-us\/\">contact us<\/a> to schedule a visit to see and learn more about our scroll and our related programs. We would be delighted to welcome school groups.<\/p>\n<p>&nbsp;<\/p>\n<p>&nbsp;<\/p>\n<div class=\"infoBox col-sm-12 col-lg-12 \"><div class=\"boxTitle\">Become Involved<\/div><div class=\"boxContent\">\n<p style=\"text-align: center\"><span style=\"color: #333333\">We invite you to sponsor our Czech Memorial Scroll for one month in honor or memory of someone or something dear to you. The minimum contribution is $360. Months may have multiple sponsors. The sponsors and their honorees will be listed on our website and displayed prominently in the Center.<\/span><\/p>\n<p style=\"text-align: center\"><a class=\"btn\" href=\"https:\/\/www.ramapo.edu\/holocaust\/sponsor-our-scroll\/\" target=\"_blank\" rel=\"noopener\"><strong>Sponsor our Scroll<\/strong><\/a><\/p>\n<p style=\"text-align: center\"><strong>Scroll Sponsors<br \/>\n<\/strong><\/p>\n<p style=\"text-align: center\"><span style=\"text-decoration: underline\">2023-2024<\/span><br \/>\nSharon and David Rubin<\/p>\n<p style=\"text-align: center\"><span style=\"text-decoration: underline\">2024-2025<\/span><br \/>\nArthur Barchenko<\/p>\n<p style=\"text-align: center\"><span style=\"text-decoration: underline\">2025-2026<\/span><br \/>\nStan Richmond<br \/>\nLinda Reppert<br \/>\n<em>In memory of her brother, Marvin Wendroff, and in honor of Simon Wiesenthal<\/em><\/p>\n<p style=\"text-align: center\"><span style=\"text-decoration: underline\">2026-2027<\/span><br \/>\nStan Richmond<\/p>\n<hr \/>\n<p style=\"text-align: center\">We encourage communities with Czech Memorial Scrolls to <a href=\"https:\/\/www.ramapo.edu\/holocaust\/contact-us\/\" target=\"_blank\" rel=\"noopener\">contact us<\/a>, so we may create a\u00a0 digital exhibition. Center director, Dr. Jacob Ari Labendz, is a scholar of Czech-Jewish history and will gladly assist you in researching the your scroll\u2019s community of origin.<\/p>\n<\/div><\/div>\n<p><img loading=\"lazy\" decoding=\"async\" class=\"aligncenter wp-image-4185 size-full\" src=\"https:\/\/www.ramapo.edu\/holocaust\/wp-content\/uploads\/sites\/31\/2025\/02\/RC_JA-7103.jpg\" alt=\"Torah scroll opened to the priestly blessing shot with artistic lighting.\" width=\"2500\" height=\"1667\" srcset=\"https:\/\/www.ramapo.edu\/holocaust\/wp-content\/uploads\/sites\/31\/2025\/02\/RC_JA-7103.jpg 2500w, https:\/\/www.ramapo.edu\/holocaust\/wp-content\/uploads\/sites\/31\/2025\/02\/RC_JA-7103-300x200.jpg 300w, https:\/\/www.ramapo.edu\/holocaust\/wp-content\/uploads\/sites\/31\/2025\/02\/RC_JA-7103-1024x683.jpg 1024w, https:\/\/www.ramapo.edu\/holocaust\/wp-content\/uploads\/sites\/31\/2025\/02\/RC_JA-7103-768x512.jpg 768w, https:\/\/www.ramapo.edu\/holocaust\/wp-content\/uploads\/sites\/31\/2025\/02\/RC_JA-7103-1536x1024.jpg 1536w, https:\/\/www.ramapo.edu\/holocaust\/wp-content\/uploads\/sites\/31\/2025\/02\/RC_JA-7103-2048x1366.jpg 2048w\" sizes=\"auto, (max-width: 2500px) 100vw, 2500px\" \/><\/p>\n<p><strong>The Czech Memorial Scrolls<\/strong><\/p>\n<div id=\"attachment_2912\" style=\"width: 235px\" class=\"wp-caption alignright\"><a href=\"https:\/\/www.ramapo.edu\/holocaust\/wp-content\/uploads\/sites\/31\/2023\/03\/Patz-Pic-scaled.jpg\"><img loading=\"lazy\" decoding=\"async\" aria-describedby=\"caption-attachment-2912\" class=\"wp-image-2912 size-medium\" src=\"https:\/\/www.ramapo.edu\/holocaust\/wp-content\/uploads\/sites\/31\/2023\/03\/Patz-Pic-225x300.jpg\" alt=\"Rabbi Norman Patz with white hear and a goatie hands a Torah, bound with a black chord, to Jacob Labendz, in a red sweater and COVID mask\" width=\"225\" height=\"300\" srcset=\"https:\/\/www.ramapo.edu\/holocaust\/wp-content\/uploads\/sites\/31\/2023\/03\/Patz-Pic-225x300.jpg 225w, https:\/\/www.ramapo.edu\/holocaust\/wp-content\/uploads\/sites\/31\/2023\/03\/Patz-Pic-768x1024.jpg 768w, https:\/\/www.ramapo.edu\/holocaust\/wp-content\/uploads\/sites\/31\/2023\/03\/Patz-Pic-1152x1536.jpg 1152w, https:\/\/www.ramapo.edu\/holocaust\/wp-content\/uploads\/sites\/31\/2023\/03\/Patz-Pic-1536x2048.jpg 1536w, https:\/\/www.ramapo.edu\/holocaust\/wp-content\/uploads\/sites\/31\/2023\/03\/Patz-Pic-scaled.jpg 1920w\" sizes=\"auto, (max-width: 225px) 100vw, 225px\" \/><\/a><p id=\"caption-attachment-2912\" class=\"wp-caption-text\">Rabbi Norman Patz hands a Czech Torah to Dr. Jacob Labendz on behalf of the Memorial Scrolls Trust<\/p><\/div>\n<p>Our Kol\u00edn scroll comes from a collection of over 1,800 Bohemian and Moravian Torahs which survived the Holocaust in Prague\u2019s Central Jewish Museum. With the permission of the Nazi Protectorate, Jewish scholars and workers preserved the material heritage of their communities, as the Nazis deported the region\u2019s Jews to Terez\u00edn and other sites of atrocity. In 1964, state officials induced the State Jewish Museum\u2014nationalized in 1950\u2014to sell what remained of the collection, 1,564 scrolls. Artia, the state agency that managed art sales abroad, contacted Eric Estorick, a well known dealer. Estorick arranged for Ralph Yablon to purchase the collection, which he, in turn, donated to the Westminster Synagogue in London. The new custodians repaired the scrolls and founded the <a href=\"http:\/\/www.memorialscrollstrust.org\/\">Memorial Scrolls Trust<\/a> to distribute them on a permanent loan basis to Jewish communities and organizations around the world. There are now over 1,000 Czech scrolls in the US, including one at the White House.<\/p>\n<p>In September 2023, the Memorial Scrolls Trust will release a new book about the scrolls by Miles Laddie,\u00a0<em>1564 Scrolls: A Legacy of Jewish Life in Bohemia and Moravia<\/em>. Congregations with scrolls and other institutions may purchase 10-packs <a href=\"https:\/\/mstshop.org\/products\/bnei-mitsvah-10-pack-1564-scrolls-a-legacy-of-jewish-life-in-bohemia-and-moravia?variant=43792890724506\">here<\/a>.<\/p>\n<p><strong>The Jews of Kol\u00edn<\/strong><\/p>\n<div id=\"attachment_2911\" style=\"width: 310px\" class=\"wp-caption alignleft\"><a href=\"https:\/\/www.ramapo.edu\/holocaust\/wp-content\/uploads\/sites\/31\/2023\/03\/Kolin-Shul.jpg\"><img loading=\"lazy\" decoding=\"async\" aria-describedby=\"caption-attachment-2911\" class=\"size-medium wp-image-2911\" src=\"https:\/\/www.ramapo.edu\/holocaust\/wp-content\/uploads\/sites\/31\/2023\/03\/Kolin-Shul-300x200.jpg\" alt=\"Interior pic of Kol\u00edn Synagogue\" width=\"300\" height=\"200\" srcset=\"https:\/\/www.ramapo.edu\/holocaust\/wp-content\/uploads\/sites\/31\/2023\/03\/Kolin-Shul-300x200.jpg 300w, https:\/\/www.ramapo.edu\/holocaust\/wp-content\/uploads\/sites\/31\/2023\/03\/Kolin-Shul-768x512.jpg 768w, https:\/\/www.ramapo.edu\/holocaust\/wp-content\/uploads\/sites\/31\/2023\/03\/Kolin-Shul.jpg 900w\" sizes=\"auto, (max-width: 300px) 100vw, 300px\" \/><\/a><p id=\"caption-attachment-2911\" class=\"wp-caption-text\">Synagogue in Kol\u00edn, Newly Restored<\/p><\/div>\n<p>Jews had already settled in Kol\u00edn by the early 1400s. The community grew in numbers and significance in the fifteenth century, due to the city\u2019s commercial importance and expulsions from nearby towns. The Jews of Kol\u00edn weathered expulsions and returns, along with their coreligionists across Bohemia, over the next three hundred years\u2014but also thrived. The Jewish community reached its largest size in the mid-nineteenth century, shortly after emancipation, with some 1,350 members, who composed 17% of the total population. The community, which had once boasted a <em>yeshiva<\/em>, shrank thereafter, due to the voluntary relocation of many Jews to Prague. It remained, nonetheless, an important locus of Jewish cultural and political life. In the census of 1930, 430 Kol\u00edn residents declared themselves Jewish by religion. Twelve years later, the Nazis deported 2,202 Jews from the Kol\u00edn region to Terez\u00edn. They murdered all but 134. Only sixty-nine Jews returned to the Kol\u00edn after the Holocaust, including Rabbi Richard Feder (1875-1970), who had led the community there for two decades preceding the war. In short time, the community ceased to function. Building on precedent from the 1980s, the City of Kol\u00edn and its citizens have invested heavily in memorializing their city\u2019s Jewish past.<\/p>\n<p><strong>From our Elected Officials (Click to View)<\/strong><\/p>\n<div class=\"row colSet\">\n<div class=\"sColumn col-sm-12 col-md-12 \">\n<div id=\"attachment_3001\" style=\"width: 242px\" class=\"wp-caption aligncenter\"><a href=\"https:\/\/www.ramapo.edu\/holocaust\/wp-content\/uploads\/sites\/31\/2023\/06\/BOOKER.pdf\" target=\"_blank\" rel=\"noopener\"><img loading=\"lazy\" decoding=\"async\" aria-describedby=\"caption-attachment-3001\" class=\"wp-image-3001 size-medium\" src=\"https:\/\/www.ramapo.edu\/holocaust\/wp-content\/uploads\/sites\/31\/2023\/05\/booker-jpeg_0001-232x300.jpg\" alt=\"Letter from Senator Cory Booker (Click to Enlarge)\" width=\"232\" height=\"300\" srcset=\"https:\/\/www.ramapo.edu\/holocaust\/wp-content\/uploads\/sites\/31\/2023\/05\/booker-jpeg_0001-232x300.jpg 232w, https:\/\/www.ramapo.edu\/holocaust\/wp-content\/uploads\/sites\/31\/2023\/05\/booker-jpeg_0001-791x1024.jpg 791w, https:\/\/www.ramapo.edu\/holocaust\/wp-content\/uploads\/sites\/31\/2023\/05\/booker-jpeg_0001-768x994.jpg 768w, https:\/\/www.ramapo.edu\/holocaust\/wp-content\/uploads\/sites\/31\/2023\/05\/booker-jpeg_0001-1187x1536.jpg 1187w, https:\/\/www.ramapo.edu\/holocaust\/wp-content\/uploads\/sites\/31\/2023\/05\/booker-jpeg_0001-1583x2048.jpg 1583w, https:\/\/www.ramapo.edu\/holocaust\/wp-content\/uploads\/sites\/31\/2023\/05\/booker-jpeg_0001-scaled.jpg 1978w\" sizes=\"auto, (max-width: 232px) 100vw, 232px\" \/><\/a><p id=\"caption-attachment-3001\" class=\"wp-caption-text\">Senator Cory Booker \/ Click for PDF<\/p><\/div>\n<\/div>\n<div class=\"sColumn col-sm-12 col-md-12 \">\n<div id=\"attachment_2996\" style=\"width: 242px\" class=\"wp-caption aligncenter\"><a href=\"https:\/\/www.ramapo.edu\/holocaust\/wp-content\/uploads\/sites\/31\/2023\/06\/MENENDEZ.pdf\" target=\"_blank\" rel=\"noopener\"><img loading=\"lazy\" decoding=\"async\" aria-describedby=\"caption-attachment-2996\" class=\"wp-image-2996 size-medium\" src=\"https:\/\/www.ramapo.edu\/holocaust\/wp-content\/uploads\/sites\/31\/2023\/05\/menendez-jpeg_0001-232x300.jpg\" alt=\"Letter from Senator Menendez congratulating the Center on obtaining a Czech Memorial Scroll\" width=\"232\" height=\"300\" srcset=\"https:\/\/www.ramapo.edu\/holocaust\/wp-content\/uploads\/sites\/31\/2023\/05\/menendez-jpeg_0001-232x300.jpg 232w, https:\/\/www.ramapo.edu\/holocaust\/wp-content\/uploads\/sites\/31\/2023\/05\/menendez-jpeg_0001-791x1024.jpg 791w, https:\/\/www.ramapo.edu\/holocaust\/wp-content\/uploads\/sites\/31\/2023\/05\/menendez-jpeg_0001-768x994.jpg 768w, https:\/\/www.ramapo.edu\/holocaust\/wp-content\/uploads\/sites\/31\/2023\/05\/menendez-jpeg_0001-1187x1536.jpg 1187w, https:\/\/www.ramapo.edu\/holocaust\/wp-content\/uploads\/sites\/31\/2023\/05\/menendez-jpeg_0001-1583x2048.jpg 1583w, https:\/\/www.ramapo.edu\/holocaust\/wp-content\/uploads\/sites\/31\/2023\/05\/menendez-jpeg_0001-scaled.jpg 1978w\" sizes=\"auto, (max-width: 232px) 100vw, 232px\" \/><\/a><p id=\"caption-attachment-2996\" class=\"wp-caption-text\">Senator Robert Menendez \/ Click for PDF<\/p><\/div>\n<\/div>\n<div class=\"sColumn col-sm-12 col-md-12 \">\n<div id=\"attachment_3055\" style=\"width: 310px\" class=\"wp-caption aligncenter\"><a href=\"https:\/\/www.ramapo.edu\/holocaust\/wp-content\/uploads\/sites\/31\/2023\/06\/Mahwah-Certificate.pdf\" target=\"_blank\" rel=\"noopener\"><img loading=\"lazy\" decoding=\"async\" aria-describedby=\"caption-attachment-3055\" class=\"size-medium wp-image-3055\" src=\"https:\/\/www.ramapo.edu\/holocaust\/wp-content\/uploads\/sites\/31\/2023\/06\/Mahwah-Plaque-300x232.jpg\" alt=\"Commemorative plaque from Mahwah Township.\" width=\"300\" height=\"232\" srcset=\"https:\/\/www.ramapo.edu\/holocaust\/wp-content\/uploads\/sites\/31\/2023\/06\/Mahwah-Plaque-300x232.jpg 300w, https:\/\/www.ramapo.edu\/holocaust\/wp-content\/uploads\/sites\/31\/2023\/06\/Mahwah-Plaque-1024x791.jpg 1024w, https:\/\/www.ramapo.edu\/holocaust\/wp-content\/uploads\/sites\/31\/2023\/06\/Mahwah-Plaque-768x593.jpg 768w, https:\/\/www.ramapo.edu\/holocaust\/wp-content\/uploads\/sites\/31\/2023\/06\/Mahwah-Plaque-1536x1187.jpg 1536w, https:\/\/www.ramapo.edu\/holocaust\/wp-content\/uploads\/sites\/31\/2023\/06\/Mahwah-Plaque-2048x1583.jpg 2048w\" sizes=\"auto, (max-width: 300px) 100vw, 300px\" \/><\/a><p id=\"caption-attachment-3055\" class=\"wp-caption-text\">Commemorative plaque from Mahwah Township \/ Click for PDF<\/p><\/div>\n<\/div>\n<\/div>\n<p style=\"text-align: center\"><a href=\"https:\/\/youtu.be\/wKoZGYxLYi0\" target=\"_blank\" rel=\"noopener\"><strong>Click for Video Remarks from Michael Ka\u0161par, the Mayor of Kol\u00edn<\/strong><\/a><\/p>\n<p>&nbsp;<\/p>\n","protected":false},"excerpt":{"rendered":"<p>From Kol\u00edn to Mahwah &nbsp; The Center welcomed a Czech Memorial Scroll to Ramapo Campus at a moving ceremony on May 1, 2023. It is on permanent loan from the [&hellip;]<\/p>\n","protected":false},"author":938,"featured_media":0,"parent":0,"menu_order":0,"comment_status":"closed","ping_status":"closed","template":"","meta":{"footnotes":""},"class_list":["post-2910","page","type-page","status-publish","hentry"],"yoast_head":"<!-- This site is optimized with the Yoast SEO Premium plugin v21.5 (Yoast SEO v27.1.1) - https:\/\/yoast.com\/product\/yoast-seo-premium-wordpress\/ -->\n<title>Our Czech Memorial Scroll - Center for Holocaust and Genocide Studies (CHGS) || Ramapo College of New Jersey<\/title>\n<meta name=\"robots\" content=\"index, follow, max-snippet:-1, max-image-preview:large, max-video-preview:-1\" \/>\n<link rel=\"canonical\" href=\"https:\/\/www.ramapo.edu\/holocaust\/welcoming-our-czech-torah\/\" \/>\n<meta property=\"og:locale\" content=\"en_US\" \/>\n<meta property=\"og:type\" content=\"article\" \/>\n<meta property=\"og:title\" content=\"Our Czech Memorial Scroll\" \/>\n<meta property=\"og:description\" content=\"From Kol\u00edn to Mahwah &nbsp; The Center welcomed a Czech Memorial Scroll to Ramapo Campus at a moving ceremony on May 1, 2023. It is on permanent loan from the [&hellip;]\" \/>\n<meta property=\"og:url\" content=\"https:\/\/www.ramapo.edu\/holocaust\/welcoming-our-czech-torah\/\" \/>\n<meta property=\"og:site_name\" content=\"Center for Holocaust and Genocide Studies (CHGS)\" \/>\n<meta property=\"article:publisher\" content=\"https:\/\/www.facebook.com\/RamapoCollege\" \/>\n<meta property=\"article:modified_time\" content=\"2025-02-12T22:23:23+00:00\" \/>\n<meta property=\"og:image\" content=\"https:\/\/www.ramapo.edu\/holocaust\/wp-content\/uploads\/sites\/31\/2023\/06\/CMS-Procession-Outside-3-g.jpg\" \/>\n\t<meta property=\"og:image:width\" content=\"1800\" \/>\n\t<meta property=\"og:image:height\" content=\"1200\" \/>\n\t<meta property=\"og:image:type\" content=\"image\/jpeg\" \/>\n<meta name=\"twitter:card\" content=\"summary_large_image\" \/>\n<meta name=\"twitter:site\" content=\"@ramapocollegenj\" \/>\n<meta name=\"twitter:label1\" content=\"Est. reading time\" \/>\n\t<meta name=\"twitter:data1\" content=\"6 minutes\" \/>\n<script type=\"application\/ld+json\" class=\"yoast-schema-graph\">{\"@context\":\"https:\/\/schema.org\",\"@graph\":[{\"@type\":\"WebPage\",\"@id\":\"https:\/\/www.ramapo.edu\/holocaust\/welcoming-our-czech-torah\/\",\"url\":\"https:\/\/www.ramapo.edu\/holocaust\/welcoming-our-czech-torah\/\",\"name\":\"Our Czech Memorial Scroll - Center for Holocaust and Genocide Studies (CHGS) || Ramapo College of New Jersey\",\"isPartOf\":{\"@id\":\"https:\/\/www.ramapo.edu\/holocaust\/#website\"},\"primaryImageOfPage\":{\"@id\":\"https:\/\/www.ramapo.edu\/holocaust\/welcoming-our-czech-torah\/#primaryimage\"},\"image\":{\"@id\":\"https:\/\/www.ramapo.edu\/holocaust\/welcoming-our-czech-torah\/#primaryimage\"},\"thumbnailUrl\":\"https:\/\/www.ramapo.edu\/holocaust\/wp-content\/uploads\/sites\/31\/2023\/06\/CMS-Procession-Outside-3-g-300x200.jpg\",\"datePublished\":\"2023-03-06T22:40:30+00:00\",\"dateModified\":\"2025-02-12T22:23:23+00:00\",\"breadcrumb\":{\"@id\":\"https:\/\/www.ramapo.edu\/holocaust\/welcoming-our-czech-torah\/#breadcrumb\"},\"inLanguage\":\"en-US\",\"potentialAction\":[{\"@type\":\"ReadAction\",\"target\":[\"https:\/\/www.ramapo.edu\/holocaust\/welcoming-our-czech-torah\/\"]}]},{\"@type\":\"ImageObject\",\"inLanguage\":\"en-US\",\"@id\":\"https:\/\/www.ramapo.edu\/holocaust\/welcoming-our-czech-torah\/#primaryimage\",\"url\":\"https:\/\/www.ramapo.edu\/holocaust\/wp-content\/uploads\/sites\/31\/2023\/06\/CMS-Procession-Outside-3-g.jpg\",\"contentUrl\":\"https:\/\/www.ramapo.edu\/holocaust\/wp-content\/uploads\/sites\/31\/2023\/06\/CMS-Procession-Outside-3-g.jpg\",\"width\":1800,\"height\":1200,\"caption\":\"Our procession with the Torah in front, under a Jewish wedding canopy.\"},{\"@type\":\"BreadcrumbList\",\"@id\":\"https:\/\/www.ramapo.edu\/holocaust\/welcoming-our-czech-torah\/#breadcrumb\",\"itemListElement\":[{\"@type\":\"ListItem\",\"position\":1,\"name\":\"Ramapo College of New Jersey Home Page \u00bb HGS \u00bb Center for Holocaust and Genocide Studies (CHGS)\",\"item\":\"https:\/\/www.ramapo.edu\/holocaust\/\"},{\"@type\":\"ListItem\",\"position\":2,\"name\":\"Our Czech Memorial Scroll\"}]},{\"@type\":\"WebSite\",\"@id\":\"https:\/\/www.ramapo.edu\/holocaust\/#website\",\"url\":\"https:\/\/www.ramapo.edu\/holocaust\/\",\"name\":\"Center for Holocaust and Genocide Studies (CHGS)\",\"description\":\"Just another Ramapo College of New Jersey Sites site\",\"potentialAction\":[{\"@type\":\"SearchAction\",\"target\":{\"@type\":\"EntryPoint\",\"urlTemplate\":\"https:\/\/www.ramapo.edu\/holocaust\/?s={search_term_string}\"},\"query-input\":{\"@type\":\"PropertyValueSpecification\",\"valueRequired\":true,\"valueName\":\"search_term_string\"}}],\"inLanguage\":\"en-US\"}]}<\/script>\n<!-- \/ Yoast SEO Premium plugin. -->","yoast_head_json":{"title":"Our Czech Memorial Scroll - Center for Holocaust and Genocide Studies (CHGS) || Ramapo College of New Jersey","robots":{"index":"index","follow":"follow","max-snippet":"max-snippet:-1","max-image-preview":"max-image-preview:large","max-video-preview":"max-video-preview:-1"},"canonical":"https:\/\/www.ramapo.edu\/holocaust\/welcoming-our-czech-torah\/","og_locale":"en_US","og_type":"article","og_title":"Our Czech Memorial Scroll","og_description":"From Kol\u00edn to Mahwah &nbsp; The Center welcomed a Czech Memorial Scroll to Ramapo Campus at a moving ceremony on May 1, 2023. It is on permanent loan from the [&hellip;]","og_url":"https:\/\/www.ramapo.edu\/holocaust\/welcoming-our-czech-torah\/","og_site_name":"Center for Holocaust and Genocide Studies (CHGS)","article_publisher":"https:\/\/www.facebook.com\/RamapoCollege","article_modified_time":"2025-02-12T22:23:23+00:00","og_image":[{"width":1800,"height":1200,"url":"https:\/\/www.ramapo.edu\/holocaust\/wp-content\/uploads\/sites\/31\/2023\/06\/CMS-Procession-Outside-3-g.jpg","type":"image\/jpeg"}],"twitter_card":"summary_large_image","twitter_site":"@ramapocollegenj","twitter_misc":{"Est. reading time":"6 minutes"},"schema":{"@context":"https:\/\/schema.org","@graph":[{"@type":"WebPage","@id":"https:\/\/www.ramapo.edu\/holocaust\/welcoming-our-czech-torah\/","url":"https:\/\/www.ramapo.edu\/holocaust\/welcoming-our-czech-torah\/","name":"Our Czech Memorial Scroll - Center for Holocaust and Genocide Studies (CHGS) || Ramapo College of New Jersey","isPartOf":{"@id":"https:\/\/www.ramapo.edu\/holocaust\/#website"},"primaryImageOfPage":{"@id":"https:\/\/www.ramapo.edu\/holocaust\/welcoming-our-czech-torah\/#primaryimage"},"image":{"@id":"https:\/\/www.ramapo.edu\/holocaust\/welcoming-our-czech-torah\/#primaryimage"},"thumbnailUrl":"https:\/\/www.ramapo.edu\/holocaust\/wp-content\/uploads\/sites\/31\/2023\/06\/CMS-Procession-Outside-3-g-300x200.jpg","datePublished":"2023-03-06T22:40:30+00:00","dateModified":"2025-02-12T22:23:23+00:00","breadcrumb":{"@id":"https:\/\/www.ramapo.edu\/holocaust\/welcoming-our-czech-torah\/#breadcrumb"},"inLanguage":"en-US","potentialAction":[{"@type":"ReadAction","target":["https:\/\/www.ramapo.edu\/holocaust\/welcoming-our-czech-torah\/"]}]},{"@type":"ImageObject","inLanguage":"en-US","@id":"https:\/\/www.ramapo.edu\/holocaust\/welcoming-our-czech-torah\/#primaryimage","url":"https:\/\/www.ramapo.edu\/holocaust\/wp-content\/uploads\/sites\/31\/2023\/06\/CMS-Procession-Outside-3-g.jpg","contentUrl":"https:\/\/www.ramapo.edu\/holocaust\/wp-content\/uploads\/sites\/31\/2023\/06\/CMS-Procession-Outside-3-g.jpg","width":1800,"height":1200,"caption":"Our procession with the Torah in front, under a Jewish wedding canopy."},{"@type":"BreadcrumbList","@id":"https:\/\/www.ramapo.edu\/holocaust\/welcoming-our-czech-torah\/#breadcrumb","itemListElement":[{"@type":"ListItem","position":1,"name":"Ramapo College of New Jersey Home Page \u00bb HGS \u00bb Center for Holocaust and Genocide Studies (CHGS)","item":"https:\/\/www.ramapo.edu\/holocaust\/"},{"@type":"ListItem","position":2,"name":"Our Czech Memorial Scroll"}]},{"@type":"WebSite","@id":"https:\/\/www.ramapo.edu\/holocaust\/#website","url":"https:\/\/www.ramapo.edu\/holocaust\/","name":"Center for Holocaust and Genocide Studies (CHGS)","description":"Just another Ramapo College of New Jersey Sites site","potentialAction":[{"@type":"SearchAction","target":{"@type":"EntryPoint","urlTemplate":"https:\/\/www.ramapo.edu\/holocaust\/?s={search_term_string}"},"query-input":{"@type":"PropertyValueSpecification","valueRequired":true,"valueName":"search_term_string"}}],"inLanguage":"en-US"}]}},"_links":{"self":[{"href":"https:\/\/www.ramapo.edu\/holocaust\/wp-json\/wp\/v2\/pages\/2910","targetHints":{"allow":["GET"]}}],"collection":[{"href":"https:\/\/www.ramapo.edu\/holocaust\/wp-json\/wp\/v2\/pages"}],"about":[{"href":"https:\/\/www.ramapo.edu\/holocaust\/wp-json\/wp\/v2\/types\/page"}],"author":[{"embeddable":true,"href":"https:\/\/www.ramapo.edu\/holocaust\/wp-json\/wp\/v2\/users\/938"}],"replies":[{"embeddable":true,"href":"https:\/\/www.ramapo.edu\/holocaust\/wp-json\/wp\/v2\/comments?post=2910"}],"version-history":[{"count":41,"href":"https:\/\/www.ramapo.edu\/holocaust\/wp-json\/wp\/v2\/pages\/2910\/revisions"}],"predecessor-version":[{"id":4187,"href":"https:\/\/www.ramapo.edu\/holocaust\/wp-json\/wp\/v2\/pages\/2910\/revisions\/4187"}],"wp:attachment":[{"href":"https:\/\/www.ramapo.edu\/holocaust\/wp-json\/wp\/v2\/media?parent=2910"}],"curies":[{"name":"wp","href":"https:\/\/api.w.org\/{rel}","templated":true}]}}